
Suppose 4*r + 49 - 157 = -4*j, -4*j = 2*r - 108. What are the prime factors of j?
3
Let q(a) be the third derivative of 2*a**5/15 + a**4/24 + a**3/3 - 2*a**2. What are the prime factors of q(2)?
2, 3
Let c = -14 + 74. List the prime factors of c.
2, 3, 5
Suppose 9*u - 7*u = 12. List the prime factors of u.
2, 3
Let b(h) = -h**3 + 7*h**2 + 10*h + 1. Let f be ((-8)/(-5))/(2/(-10)). Let t be (f/6)/((-4)/24). What are the prime factors of b(t)?
17
List the prime factors of (-4)/(-6)*(-729)/(-6).
3
Suppose -5*s + 5*l = -s + 66, 0 = -2*s + l - 30. Let w = s + 25. What are the prime factors of w?
11
Let i = 10 - 2. What are the prime factors of i?
2
Let c(f) be the third derivative of 19*f**7/840 - f**3/6 - 2*f**2. Let r(i) be the first derivative of c(i). List the prime factors of r(1).
19
Suppose 3*p = -5*l + 175 + 89, p - 207 = -4*l. List the prime factors of l.
3, 17
Let v(i) = -i**3 - i**2 - 5*i - 3. Let u be v(-3). Suppose -4*z + u - 86 = -3*l, 20 = -4*z. What are the prime factors of l?
2, 3
Let h(f) = -f**3 - f**2 + f + 49. Let j be (-4)/7 + 16/28. What are the prime factors of h(j)?
7
Suppose 2*j + 55 = 3*j - m, 0 = 3*j - 4*m - 169. What are the prime factors of j?
3, 17
Suppose -4*u + 187 = 7*u. Let n(q) = 9*q**3 + q**2 + 2*q + 1. Let h be n(-1). Let c = h + u. What are the prime factors of c?
2
Suppose 0 = j - k - 34 - 200, -k + 240 = j. What are the prime factors of j?
3, 79
Let u = -53 + 76. Let a = -12 + u. What are the prime factors of a?
11
Let d be ((-8)/10)/(2/(-35)). Let j = d + -10. List the prime factors of j.
2
Let y(o) be the first derivative of o**3/3 + 4*o**2 + 2*o - 1. Let l(z) be the first derivative of y(z). What are the prime factors of l(6)?
2, 5
Let s(p) = -p + 9. Let q = -16 + 23. Let m be s(q). List the prime factors of (m/1)/(3/6).
2
Suppose 10 = 2*k, 0 = -i - 4*i + 3*k + 425. What are the prime factors of i?
2, 11
Suppose x - 113 = 222. List the prime factors of x.
5, 67
Let s be 70/(-8) + (-2)/8. Let n = s + 24. What are the prime factors of n?
3, 5
Suppose 2*g = -3*g + 10. Suppose -g*h + 0*i - i + 42 = 0, 2*i = -h + 18. What are the prime factors of h?
2, 11
Let t(g) = g**3 - 4*g**2 + 2. Suppose 2*y + o - 8 = 0, 0*o = -4*o - 8. What are the prime factors of t(y)?
3
Suppose -75 = -5*r - 220. Let i be r/(-9) - (-2)/(-9). Let s(v) = v. List the prime factors of s(i).
3
Let u(v) = -v**3 + 20*v**2 - 17*v + 32. List the prime factors of u(19).
2, 5, 7
Let n be -2 + 10/2 - -1. Suppose -70 = -n*g - g. What are the prime factors of g?
2, 7
Let p(o) = 37*o + 2. Let y be p(2). Suppose 3*a - y = -a. What are the prime factors of a?
19
Let p(u) = -u**2 + 2*u + 4. Let a be p(3). Suppose i + a = 6. List the prime factors of i.
5
Let h be ((-2)/(-6))/((-4)/(-36)). Let k(i) = i**3 - 3*i**2 + 2*i + 4. List the prime factors of k(h).
2, 5
Let p be (-104)/(-18) - 4/(-18). Let l(w) = w**3 - 6*w**2 - 3*w + 7. Let o be l(p). Let h = o + 23. What are the prime factors of h?
2, 3
Suppose -4*n = -n - 42. What are the prime factors of n?
2, 7
What are the prime factors of (-18117)/(-55) + 6/(-15)?
7, 47
Let l(q) = q**3 + 8*q**2 + 7*q + 3. Let c be l(-7). Suppose o = -c*o + 52. What are the prime factors of o?
13
Let b be 85/2*(-4)/(-5). Suppose q - 6 = -q. Suppose -2*u + q*z = -b, 0*u - 4*u = -2*z - 52. What are the prime factors of u?
11
Let l = 396 - 187. What are the prime factors of l?
11, 19
Suppose -p = 2 - 17. Let k = 40 - p. Suppose -10*m + k = -5*m. List the prime factors of m.
5
Suppose -4*t - 4*m + 165 = -5*m, 0 = 4*t + 4*m - 160. What are the prime factors of t?
41
Suppose -4*z = 4*s - 8, -2*z + 3*z + 5*s + 6 = 0. Suppose -96 = -5*h + p - z*p, 46 = 3*h - 4*p. Let t = 29 - h. List the prime factors of t.
11
Let o be 4/5*30/12. List the prime factors of ((-14)/10)/(o/(-10)).
7
Let m(q) = -q**3 - q**2 + 9*q + 1. List the prime factors of m(-6).
127
Let d = 11 + -9. Suppose 0*v + 49 = 3*x + 2*v, d*v - 15 = -x. What are the prime factors of x?
17
Suppose -2*d - 43 = 3*v - 4*v, 4*v - d - 193 = 0. List the prime factors of v.
7
Let z = 11 - 11. Suppose z = 3*s - 5*l - 19, 6 + 0 = -3*l. List the prime factors of s.
3
Let v(i) = i. Let x be v(-5). Let z(o) = 6 + 0*o - o - 1. What are the prime factors of z(x)?
2, 5
Suppose 5*h + 3*m = 165, m + 110 = 4*h - m. Suppose 2*b - h = b. What are the prime factors of b?
2, 3, 5
Suppose -3*w = -4*w + 24. Suppose -2*u + 4 = -w. List the prime factors of u.
2, 7
Suppose 1 = -w + 5. Let j be 30/(-24)*1*w. List the prime factors of 4*(j/(-2) + -2).
2
Let c be (4/(-5))/(1/5). Let o(h) = -h**3 - 10*h**2 + 6*h + 3. Let l(q) = q**2 - q. Let b(j) = 6*l(j) + o(j). List the prime factors of b(c).
3
Let k be (0 + (-1)/(-3))*24. Suppose -3*l + k*l = 20, -o + 5*l - 3 = 0. What are the prime factors of o?
17
Let s = 231 + -75. Suppose 0*y = 3*y - s. What are the prime factors of y?
2, 13
Let d(k) = k**2 + 15*k + 29. What are the prime factors of d(-18)?
83
Let b(f) = -11*f + 3. Let o be b(6). Let s = -45 - o. List the prime factors of s.
2, 3
Suppose -24 = 3*p - 783. What are the prime factors of p?
11, 23
Suppose 3*a - 67 = 32. List the prime factors of a.
3, 11
Let b = -28 + 162. List the prime factors of b.
2, 67
Suppose 0 = -a - 9 + 71. Let v = -22 + a. What are the prime factors of v?
2, 5
Let g = 24 - 20. Suppose -k - g*x = -26, -x = 2*k - 91 + 4. What are the prime factors of k?
2, 23
Let w = 18 + 15. Let z = -13 + w. List the prime factors of z.
2, 5
Suppose q - 7 = -2*j, 2*j + 3 = -j + 3*q. Let v be (-1)/j + 34/(-4). Let u = v - -18. List the prime factors of u.
3
What are the prime factors of 3 - -2 - 9 - -2*97?
2, 5, 19
Let b be 6/(-45) - 386/30. Let t = 43 - b. What are the prime factors of t?
2, 7
Let c = 39 - 23. What are the prime factors of c?
2
Let j(g) = -3*g + 3. Let u be j(-4). Suppose 49 = n + 4*n - i, -2*i - 35 = -3*n. Suppose u = 3*m - n. List the prime factors of m.
2
Suppose b - 3 + 8 = 0. Suppose -k = 3*n + 119, 5 = -0*k + 5*k. What are the prime factors of 9/(b/(n/6))?
2, 3
List the prime factors of -4 + (27 - (1 + -3)).
5
Let u(d) = -d**2 - d + 16. What are the prime factors of u(0)?
2
Suppose 0 = 4*l + 5*r - 0*r, 4*r + 16 = 0. Suppose l*f = -2*c + 3 + 10, 3*c - 4*f - 54 = 0. What are the prime factors of c?
2, 7
Suppose 2*g + 0*g + 4*t = 170, -5*g = -5*t - 395. What are the prime factors of g?
3
What are the prime factors of -30*((-22)/80 - (-2)/(-16))?
2, 3
Suppose -194 = 5*k - 1089. List the prime factors of k.
179
Let a = 19 + 123. List the prime factors of a.
2, 71
Suppose f - 34 = -1. What are the prime factors of f?
3, 11
Let p(b) = b**3 - 14*b**2 + 17*b. List the prime factors of p(13).
2, 13
Suppose 4*p = q + 764, 5*p - 970 = -2*q + 7*q. What are the prime factors of p?
2, 5, 19
Suppose 0*t + g = 4*t - 8, -5*t - 3*g - 7 = 0. Let j be (-1 - 0 - -2)/t. What are the prime factors of (36/(-30))/(j/(-5))?
2, 3
Suppose c + 4*c = 90. List the prime factors of c.
2, 3
Let l(g) = 32*g**3 - g - 1. Let i be l(-1). What are the prime factors of (i + (4 - 3))*-1?
31
Let r(d) = -9*d + 5. Let y(j) = 5*j - 2. Let o(n) = 6*r(n) + 11*y(n). Let t be o(-6). Suppose -4 = -t*q + 2*m + 4, 5*q - 50 = -m. List the prime factors of q.
3
Suppose -229 = -3*q - 5*w + 85, 407 = 4*q - 5*w. List the prime factors of q.
103
Let q be (21/4)/((-3)/(-8)). Let d = q - -3. Let t = -9 + d. What are the prime factors of t?
2
Suppose d - 5*d - 4*u + 40 = 0, d = 3*u + 30. List the prime factors of (3 + 2)*72/d.
2, 3
What are the prime factors of (109 - 2)/(-2 + 3)?
107
Let k(w) = -6*w + 3. List the prime factors of k(-2).
3, 5
Let y(b) = 4*b**2 + 2*b + 12. What are the prime factors of y(5)?
2, 61
Suppose -j - 2*j = 5*z - 1141, -5*j + 1845 = -3*z. What are the prime factors of j?
2, 3, 31
List the prime factors of (54/(-36))/((-1)/42).
3, 7
Let u(z) = -z + 7. Let q be u(7). Suppose -60 = -q*r - 4*r. List the prime factors of r.
3, 5
Let y = 32 + 0. What are the prime factors of y?
2
Let u be 2 - ((1 - 4) + 6). What are the prime factors of (0 + 3)*u - -14?
11
Let j = 5 - 2. Suppose j*x = -x + 52. What are the prime factors of x?
13
Let u(v) = v + 15. Let c be u(-8). Let o(i) = -i**2 + 10*i - 10. List the prime factors of o(c).
11
Let y(v) = 2*v**2 + 3*v + 1. Let x be y(-2). Suppose -p = 3*p. Let u = p + x. What